2
Evaluate -6 + (-1 - (5 + -9)).
-3
Evaluate (-3 - -11) + 20 + -32.
-4
0 + -4 + 8 + -7
-3
What is the value of 1 + 3 + -3 + 2?
3
Calculate 3 - (3 + -1 + 3 + -1).
-1
Calculate (-1 - 8) + (36 - 21).
6
What is 5 + -1 - (-8 + 7 - -7)?
-2
What is 5 + -5 + -1 + 0?
-1
What is the value of -1 + 6 + 1 + 3?
9
What is -1 + 0 - (-6 + 4 + -6)?
7
What is the value of (1 + (-1 - -4) - 3) + 0?
1
Calculate 0 + -3 - (-6 - 2 - -1).
4
19 - (3 - -13) - (-1 - -2)
2
Evaluate -4 + 2 + 3 + (2 - 1).
2
-7 + (1 - -11 - 5)
0
-4 - (5 - (0 + 6))
-3
What is the value of 1 + 2 + -6 + 3?
0
Calculate 18 - (-7 + 12) - 6.
7
What is the value of -6 - (-4 + -1 - (-2 + 1))?
-2
Calculate 4 - (-6 + 3 + 11).
-4
What is the value of 4 - (3 + 0 + 2 + 2)?
-3
What is the value of (2 - -6 - -2) + -81 + 77?
6
-24 + 20 + 2 + 2
0
Evaluate (6 - -1 - 7) + (3 - 3).
0
What is 66 + -66 - (0 - 0)?
0
What is the value of 1 - ((-7 - -2) + 9)?
-3
0 + 5 + 0 + -8
-3
What is the value of 2 - (-5 - -8 - (1 + 0))?
0
Evaluate -3 + (8 - 3) - (3 + 0).
-1
Calculate 2 - (1 + 5 + -2 + -2).
0
Calculate 1 + -6 + (-11 - 2 - -12).
-6
What is (5 + -5 + 2 - 4) + 4?
2
What is 0 + -3 + 7 + -3 + -9?
-8
What is the value of 6 + 10 + -9 - 5?
2
0 - (-5 + 1 + 4 + -2)
2
What is the value of 19 + -14 + -1 + -4?
0
What is the value of -12 + 6 + 10 + -3?
1
-13 + (6 - (-23 - -10))
6
-2 + (4 - (1 - 1))
2
Evaluate (4 - 0) + 1 - (155 - 148).
-2
What is 2 + -8 + 4 - 2?
-4
What is the value of -3 - 0 - (-1 + 1) - 1?
-4
Evaluate -13 + 5 + 2 - 0.
-6
What is the value of -3 + 6 + -5 + 10?
8
What is the value of -3 + (-2 - (-4 + 2 - -1))?
-4
Evaluate 2 + -8 + 2 + 2.
-2
Evaluate 1 + (5 - (2 + 8)).
-4
What is 2 + (3 - -7 - 2 - 4)?
6
What is -1 + (-2 - -5) + (-8 - -7)?
1
Evaluate -4 + (8 + -4 - 1).
-1
Evaluate -12 - (-1 - -5 - 10).
-6
What is (22 - 13 - 6) + -1 + -7?
-5
Evaluate 0 - (-4 + 3 + 0).
1
Evaluate -10 + 8 + (2 - (-1 + -1)).
2
What is -6 + 11 + (-7 - -7)?
5
Calculate 13 + -7 + -7 + (7 - -3).
9
Evaluate -1 + 1 - -5 - (2 + -3).
6
What is -4 + -6 + -1 + 6?
-5
What is (2 - 4) + 8 + 0 + -3?
3
What is the value of 1 + (-1 - 0) - (-10 - -6)?
4
Evaluate (6 - 7) + 8 + -5.
2
(-3 - -7) + (-5 - -2) + 0
1
Calculate 6 - (2 + (4 - 3)).
3
What is the value of -15 + (-3 - (-12 + 1))?
-7
What is 3 + (-5 - (6 + -3))?
-5
4 - (-6 + (4 - -1))
5
Calculate 6 + -8 - (0 + -4).
2
What is the value of 3 + (6 + (-1 - 2) - 11)?
-5
What is 2 - 4 - (-1 - 1)?
0
What is the value of -5 + (-3 - -6) + 6 + -4?
0
What is the value of -8 - -4 - (2 - 3)?
-3
What is the value of 0 + 7 + -68 + 71?
10
What is 0 + -3 + (-3 - -1)?
-5
What is 2 + 3 - (-1 + -6 + 9)?
3
Calculate (10 - 22) + -18 + 36.
6
Calculate (-5 + -6 - -8) + 6.
3
Evaluate 3 + (-2 + 0 - 2).
-1
What is 13 - (-11 + 18 + -3)?
9
Evaluate 2 + (-1 - 2) + 2 + 2.
3
Evaluate -12 + (-10 - -11) - (-7 - 0).
-4
What is the value of 0 + 6 + -4 + 2?
4
Calculate -5 + 0 + 9 + -8.
-4
-8 + -2 + 7 + (0 - 0)
-3
What is -5 + 1 + 10 + -2?
4
(11 - 19) + 7 + 2
1
Evaluate 60 - 62 - (-8 + 0).
6
Calculate -19 + 16 + (4 - 10).
-9
-8 + 11 + -7 - (1 - 2)
-3
Calculate 6 + -2 - (-8 - (3 + -14)).
1
What is the value of 10 - (23 + (-19 - -9))?
-3
What is 1 + 0 - (-14 - -19)?
-4
What is the value of (17 - 1) + -9 - -1?
8
Evaluate (-6 - (-7 - -8)) + 12.
5
Calculate -4 + 13 + -6 - 0.
3
Calculate 0 + 3 + -3 - 3.
-3
1 - (-3 + (8 - 3))
-1
(-4 - 2) + -4 + 9 + 4
3
Evaluate 6 - (0 - (1 - (-1 - -3))).
5
Evaluate (-4 - -4 - 7) + 4.
-3
What is the value of 8 + (-4 - -12) - 9?
7
What is the value of 0 + 10 + 63 + -79?
-6
-3 - -1 - ((6 - 9) + 5)
-4
3 + 2 + -13 - (-2 - 1)
-5
What is 9 + (-6 - (0 - (1 - -1)))?
5
What is the value of 1 + -1 - 0 - -2?
2
Evaluate 7 - (-3 + 4 + 5).
1
3 - (8 + -1 + -4)
0
Evaluate -7 + -3 + 1 + 6.
-3
Calculate -4 - (4 + 3) - -5.
-6
What is the value of 5 + 0 + 11 + -21?
-5
What is the value of -2 + -3 + 3 - -2?
0
What is the value of 0 + 3 + (-49 - -40)?
-6
Calculate (-2 - -1) + 13 + -9.
3
What is the value of -4 + 8 + -9 + 3?
-2
0 + 2 + 2 + 2 - 3
3
-1 + 3 + -19 + 16
-1
Evaluate (-29 - -28) + 0 + 3.
2
What is -5 + (-9 - -5) - -5?
-4
Calculate (8 + 3 - -1) + -4.
8
-3 + 5 + -4 + -2
-4
What is the value of (-1 - -7) + 1 + -3?
4
What is the value of 1 + (12 + -2 - (-1 + 8))?
4
What is the value of (7 - 2 - (-7 + 21)) + 6?
-3
What is the value of (10 - 5) + (-3 - 1)?
1
What is the value of -55 + 60 - (0 + 10)?
-5
What is the value of 0 + (1 + -6 + 1 - -9)?
5
Calculate (0 - 2) + (5 - -5) + -8.
0
What is 4 + -2 + -2 - (0 + -1)?
1
What is -2 + 2 + (2 - 2)?
0
-1 + -3 + 9 + 2 + -4
3
4 + (-3 - -5) + -6
0
(2 - 6) + -2 + 6 - 5
-5
-3 + -1 + (2 - 0 - 2)
-4
What is the value of -4 + 1 + 1 + (-8 - -5)?
-5
Evaluate (11 - 5 - (3 + 1)) + -1.
1
What is the value of -9 + (-1 + 3 - -1) + 1?
-5
Evaluate -7 + 14 - (5 + 0).
2
What is -46 - -52 - (-1 + 3)?
4
What is 7 - (0 - (-1 - (-2 + 1)))?
7
What is 1 + (2 - -2) - 2?
3
Evaluate 1 + (3 + -8 - 0) - 1.
-5
What is 1 - (-6 - -1 - -8 - 2)?
0
What is 19 + -24 - (-5 + -1) - -1?
2
What is the value of 38 + -41 - (0 + 2)?
-5
-3 + -4 + 11 + -2
2
Evaluate (14 - 9) + 3 + -2.
6
Evaluate -4 + 2 + 1 + 6.
5
What is the value of -4 - (10 + 6 + (2 - 15))?
-7
What is (-1 - (6 - 3)) + 4?
0
Calculate 1 - (5 + -14 - -3).
7
Calculate -6 + -2 + 5 - 2.
-5
Calculate 4 + -15 + (6 - 5 - -6).
-4
-5 - ((1 - 8) + -2) - -3
7
Calculate 13 - (1 + 16 + 0).
-4
What is the value of (4 - -2) + (-1 - -1) + 0?
6
Evaluate (2 + -2 - -2) + 3.
5
What is the value of -5 + 9 - (0 - -4)?
0
Calculate 2 + (-24 + 19 - (-7 - 0)).
4
What is the value of (-1 - 10) + (10 - -5)?
4
-3 + (-1 - -4 - -1) - -1
2
Calculate -1 + (-8 - -3 - -9).
3
What is 0 + (-6 + -4 - -5)?
-5
0 - (4 + (-7 - -5) + 5)
-7
Calculate -1 + 3 + 18 + -18.
2
What is -6 - ((2 - -3) + -6)?
-5
What is the value of -7 - (3 + 2 + -7) - 2?
-7
What is the value of (3 - 1 - -2) + -2 + -3?
-1
(-27 - -11) + -4 + 11
-9
Calculate (-21 - -10) + (1 - -16).
6
Evaluate 2 + -4 - 0 - (13 - 11).
-4
What is (10 - 0) + 3 + -21?
-8
What is -10 - ((0 - 5) + -2)?
-3
What is -19 + 28 - (7 + 2)?
0
(5 - -2) + (7 - 10)
4
Evaluate (-4 - (-11 + 1)) + -6 + 2.
2
What is the value of (-14 - -13) + 0 + -1?
-2
What is the value of 7 - (-3 - (-20 + (-3 - -7)))?
-6
10 + (-6 - 3) - 5
-4
What is the value of -15 - ((2 - 12) + 3)?
-8
Evaluate -6 - ((4 - (4 + -1)) + 0).
-7
What is -1 - 1 - 2 - (-14 - -9)?
1
Evaluate 8 - (-3 + 5 + 0 + 0).
6
What is (1 + 1 - 5) + 5 + 0?
2
What is the value of 12 - (11 + 4 + -8)?
5
-1 + 5 - (-174 - -179)
-1
Evaluate 8 + 3 + -4 + (-3 - 1).
3
What is (-2 - 2 - 4) + 3?
-5
What is the value of -3 - (-2 + -5) - 6?
-2
What is -4 - (3 - (4 - (3 - 5)))?
-1
Evaluate 3 - ((0 - -4) + 1).
-2
What is -10 + 1 - (82 + -84)?
-7
24 + -11 + (-2 - 7)
4
What is the value of (5 + -6 - 2) + 7 + -1?
3
What is -2 + -5 + 0 + 6?
-1
Evaluate (0 - (6 + -2)) + 4.
0
Evaluate -3 + 8 + (-4 - 0) + 1.
2
Calculate 2 - (-8 - (-11 - 1)).
-2
Calculate (-4 - -2 - 0 - -8) + -3.
3
What is the value of 5 + (-2 - (1 - 1))?
3
(7 - (0 - -1)) + 29 + -29
6
Evaluate -5 + (9 - 2 - (-3 + -2)).
7
What is 3 + (-1 - (4 + -1))?
-1
What is the value of (-2 - (1 + 2)) + 2 - 0?
-3
Calculate 47 - 54 - (-4 + 0 + 0).
-3
What is 1 + -11 + 2 - (87 - 88)?
-7
What is (19 - 23) + 3 + 1?
0
-30 - -31 - (-1 - (0 + -1))
1
What is the value of 1 + -10 - (8 + -12) - -5?
0
Calculate 6 - (1 + 3 - 2).
4
(2 - 4) + (3 - (5 - 7))
3
What is the value of -2 - (0 + -2) - (11 - 10)?
-1
What is the value of -5 - -4 - -2 - 1?
0
Calculate -4 + 3 + 0 + -2 - -1.
-2
Calculate 5 + -8 + (5 - 12).
-10
Evaluate 4 + -4 + (3 - -1).
4
Evaluate (-11 - 11 - -11) + 7.
-4
4 + (1 - 5) - (-13 - -8)
5
8 - ((-4 - (4 - 13)) + -2)
5
(0 - 3) + -2 + 4
-1
-1 + 9 + -6 + -7
-5
1 + (-3 + -2 + 9 - 9)
-4
-2 + -1 + 3 + 11 + -13
-2
(0 - -5) + (-21 + 13 - -8)
5
10 + -11 + 6 - -1
6
Calculate -5 - (-3 - (3 - 10)).
-9
What is -7 + (-5 - (-18 - 4)) + -4?
6
What is the value of 6 - (7 - (4 + (1 - -6)))?
10
(0 - 2 - -5) + -8
-5
What is the value of -4 + (-4 + 4 - -7)?
3
Evaluate 33 + -30 - (2 - 1).
2
Evaluate (-18 - -18) + -2 + -2.
-4
What is the value of -5 + (-1 - (-4 + 3)) + 1?
-4
What is -1 - -3 - (41 + -45)?
6
What is the value of -17 + 10 - (8 + -11)?
-4
Calculate -7 + 1 + 8 - (4 - -1).
-3
Calculate -2 + (0 + 7 - 3).
2
Evaluate -29 + 21 + (5 - -2).
-1
What is (44 - 37) + 0 + -15 + 11?
3
What is the value of 2 +